alse
Does 26 divide 92892536?
False
Does 6034 divide 435533130?
False
Is 10 a factor of 55391264?
False
Is 61 a factor of 1479459718?
True
Is 148 a factor of 564622812?
True
Is 16 a factor of 87454324?
False
Is 2617938 a multiple of 26?
False
Is 192175332 a multiple of 542?
False
Does 274 divide 2263547?
False
Is 27999865 a multiple of 10?
False
Does 79 divide 42814919?
True
Is 216 a factor of 107915882?
False
Does 9 divide 3566025?
True
Is 46 a factor of 1488809826?
True
Does 268 divide 877934853?
False
Does 52 divide 1551276951?
False
Is 347 a factor of 10215930?
False
Does 122 divide 64181882?
True
Is 10 a factor of 35860011?
False
Is 651503944 a multiple of 13?
True
Is 1131448090 a multiple of 17?
True
Is 58441658 a multiple of 14?
False
Is 46 a factor of 932074457?
False
Is 510 a factor of 30495960?
True
Is 26 a factor of 158203222?
False
Is 104 a factor of 308668984?
True
Is 9 a factor of 861390324?
True
Does 655 divide 64389775?
True
Is 60 a factor of 2458731?
False
Is 40988131 a multiple of 50?
False
Is 149157960 a multiple of 28?
True
Is 327758335 a multiple of 3?
False
Is 6560085 a multiple of 7?
True
Is 1051370356 a multiple of 362?
True
Is 5875 a factor of 1713761000?
True
Is 45540939 a multiple of 23?
False
Is 3 a factor of 2892514?
False
Does 29 divide 38171911?
False
Is 125 a factor of 6196611?
False
Does 2 divide 85582927?
False
Does 75 divide 1029827400?
True
Does 4 divide 27208934?
False
Is 819 a factor of 1743528952?
False
Does 6144 divide 7483299840?
True
Does 2302 divide 170418621?
False
Is 27313237 a multiple of 17?
True
Is 16152634 even?
True
Does 96 divide 171585600?
True
Does 566 divide 37833300?
False
Does 845 divide 336707995?
True
Is 106923775 a multiple of 86?
False
Does 21 divide 471843060?
False
Is 94980193 a multiple of 77?
True
Is 28 a factor of 787902276?
True
Does 181 divide 26091874?
True
Does 27 divide 30893857?
False
Does 36 divide 88097879?
False
Is 1415101384 a multiple of 8?
True
Is 509 a factor of 2771352300?
True
Does 435 divide 818883557?
False
Does 14 divide 85849988?
True
Does 96 divide 285351936?
True
Is 10122750 a multiple of 198?
True
Does 18 divide 6565035?
False
Does 93 divide 113245821?
True
Is 262002819 a multiple of 6?
False
Is 981158644 a multiple of 162?
False
Is 7145151 a multiple of 829?
True
Is 2556708 a multiple of 44?
True
Is 1159661547 a multiple of 8973?
True
Is 8 a factor of 4044640?
True
Does 26 divide 176830966?
True
Is 3273 a factor of 2037727251?
True
Is 24192115 a multiple of 2108?
False
Is 1745 a factor of 797419630?
True
Is 202105680 a multiple of 24?
True
Is 855 a factor of 37611450?
True
Is 1925546139 a multiple of 563?
True
Does 118 divide 647887496?
True
Is 89 a factor of 137463970?
False
Is 1102902859 a multiple of 5422?
False
Is 13318307 a multiple of 20?
False
Is 27039320 a multiple of 44?
True
Is 4405585578 a multiple of 10?
False
Does 96 divide 218305606?
False
Is 15 a factor of 81412043?
False
Is 24 a factor of 4052053434?
False
Is 90 a factor of 14141340?
True
Is 193356285 a multiple of 2?
False
Is 140 a factor of 6791227800?
True
Does 15 divide 6987858?
False
Is 1482 a factor of 124229161?
False
Is 355 a factor of 62924105?
True
Does 1436 divide 25491058?
False
Is 63457657 a multiple of 97?
False
Is 31 a factor of 75106595?
False
Is 189 a factor of 593623674?
True
Does 25 divide 10473722?
False
Is 208 a factor of 8798481?
False
Is 26 a factor of 19344468?
True
Is 440023209 a multiple of 193?
True
Does 28 divide 119407820?
True
Is 43 a factor of 14241901?
True
Does 133 divide 1010579486?
True
Does 142 divide 51289549?
False
Is 163 a factor of 1137230462?
True
Is 35 a factor of 1042062956?
False
Is 487 a factor of 1094921201?
False
Is 81 a factor of 250639110?
True
Is 124441009 a multiple of 41?
False
Is 42586560 a multiple of 93?
True
Does 178 divide 125145799?
False
Does 109 divide 5817112?
True
Is 3628856 a multiple of 2408?
True
Is 1173288 a multiple of 6?
True
Is 58 a factor of 2647120?
True
Is 7941615 a multiple of 33?
True
Is 137 a factor of 1493979197?
False
Does 229 divide 338991290?
False
Is 36100584 a multiple of 72?
True
Does 19 divide 27649493?
False
Is 215090367 a multiple of 32?
False
Does 54 divide 4809996?
True
Is 1412479335 a multiple of 69?
True
Does 2147 divide 8958400?
False
Is 2335 a factor of 1484192153?
False
Is 67 a factor of 73541839?
False
Is 134 a factor of 12913836?
False
Is 3099138828 a multiple of 188?
True
Is 210965957 a multiple of 285?
False
Is 457509588 a multiple of 74?
True
Is 13300272 a multiple of 2?
True
Is 273811860 a multiple of 45?
True
Is 34405262 a multiple of 394?
True
Is 248272864 a multiple of 8?
True
Is 58 a factor of 11156979?
False
Is 1557 a factor of 55830906?
True
Is 628898605 a multiple of 15?
False
Does 318 divide 49362822?
True
Is 1484578322 a multiple of 1739?
False
Is 1572118931 a multiple of 220?
False
Is 325817668 a multiple of 484?
True
Is 91623620 a multiple of 20?
True
Is 2573 a factor of 538745566?
False
Is 3203 a factor of 42151480?
True
Is 14159010 a multiple of 6?
True
Does 280 divide 11175640?
True
Is 744754407 a multiple of 3572?
False
Is 128 a factor of 1280549406?
False
Does 6 divide 21159388?
False
Does 71 divide 39458321?
True
Is 1473 a factor of 97253894?
False
Does 3 divide 105142554?
True
Is 1101 a factor of 68464584?
True
Is 50458139 a multiple of 1810?
False
Is 131 a factor of 3711782147?
False
Is 1664938824 a multiple of 482?
False
Is 1307 a factor of 31000141?
False
Does 2193 divide 322035471?
True
Does 8 divide 236173416?
True
Is 2362810455 a multiple of 285?
True
Is 662445822 a multiple of 8549?
False
Is 12 a factor of 36244116?
True
Is 128 a factor of 47550208?
True
Is 20519161 a multiple of 468?
False
Does 38 divide 364130022?
True
Is 122875064 a multiple of 8?
True
Is 13 a factor of 101277919?
False
Is 726 a factor of 27626453?
False
Does 46 divide 14329574?
False
Is 104751426 a multiple of 13?
True
Does 1470 divide 30161460?
True
Is 79 a factor of 3625626?
True
Does 13 divide 141990836?
True
Is 3921620775 a multiple of 255?
True
Is 494106131 a multiple of 158?
False
Is 58222201 a multiple of 4218?
False
Is 104749748 a multiple of 9?
False
Is 227 a factor of 33815055?
True
Does 706 divide 801354478?
True
Is 12 a factor of 48650472?
True
Is 2116460702 a multiple of 248?
False
Is 1683850563 a multiple of 3011?
True
Is 6032549 a multiple of 160?
False
Is 770 a factor of 415623572?
False
Does 21 divide 1380278063?
False
Is 442 a factor of 64728351?
False
Is 90812365 a multiple of 5?
True
Does 3361 divide 288150968?
False
Does 237 divide 326371989?
True
Does 53 divide 1817134?
False
Is 549 a factor of 3368845170?
True
Is 18079281 a multiple of 2167?
True
Is 2 a factor of 101211363?
False
Does 155 divide 25625639?
False
Does 1387 divide 672320510?
True
Does 247 divide 11788816?
True
Does 114 divide 105222?
True
Does 14 divide 124965018?
False
Is 280040789 a multiple of 783?
False
Is 1295922064 a multiple of 488?
True
Is 9 a factor of 1731627621?
True
Is 334 a factor of 129004494?
True
Is 1610244 a multiple of 18?
True
Is 125 a factor of 1169313875?
True
Is 296 a factor of 25237552?
True
Is 345 a factor of 138282955?
False
Is 27060583 a multiple of 11?
True
Is 6933144 a multiple of 2?
True
Does 34 divide 1075977563?
False
Is 382 a factor of 5403772?
True
Does 15 divide 24595511?
False
Is 841035858 a multiple of 2613?
True
Is 914834568 a multiple of 1614?
True
Is 10901521 a multiple of 89?
True
Does 13 divide 108837647?
False
Is 6133836 even?
True
Is 137 a factor of 750683906?
False
Is 16 a factor of 1671583?
False
Is 363 a factor of 6895584?
False
Does 376 divide 9839920?
True
Is 907 a factor of 548514381?
False
Does 15 divide 18437522?
False
Is 47126767 a multiple of 191?
True
Is 142 a factor of 47524643?
False
Is 51977080 a multiple of 10?
True
Does 20 divide 462157373?
False
Is 7 a factor of 416333966?
False
Is 2229600889 a multiple of 7763?
False
Is 6 a factor of 122534048?
False
Is 2068620608 a multiple of 1376?
True
Does 61 divide 849595253?
False
Is 31212662 a multiple of 2138?
True
Is 9 a factor of 9754497?
True
Does 50 divide 392915150?
True
Is 251 a factor of 83428620?
False
Is 630 a factor of 37666440?
True
Is 13358064 a multiple of 1208?
True
Is 550 a factor of 124921084